
What is the units digit of 7656?
6
What is the ten thousands digit of 12644?
1
What is the tens digit of 322?
2
What is the units digit of 2176?
6
What is the tens digit of 99?
9
What is the units digit of 31345?
5
What is the thousands digit of 25065?
5
What is the tens digit of 1003?
0
What is the hundreds digit of 38858?
8
What is the thousands digit of 45904?
5
What is the tens digit of 74487?
8
What is the thousands digit of 41118?
1
What is the thousands digit of 2925?
2
What is the units digit of 1047?
7
What is the units digit of 3019?
9
What is the thousands digit of 95357?
5
What is the thousands digit of 8873?
8
What is the tens digit of 5913?
1
What is the thousands digit of 43129?
3
What is the thousands digit of 41083?
1
What is the units digit of 652?
2
What is the hundreds digit of 2571?
5
What is the hundreds digit of 13635?
6
What is the tens digit of 1360?
6
What is the hundreds digit of 35554?
5
What is the units digit of 41024?
4
What is the units digit of 4075?
5
What is the units digit of 10919?
9
What is the thousands digit of 11624?
1
What is the hundreds digit of 9254?
2
What is the units digit of 1574?
4
What is the units digit of 1546?
6
What is the hundreds digit of 125?
1
What is the hundreds digit of 403?
4
What is the hundreds digit of 317?
3
What is the hundreds digit of 465?
4
What is the tens digit of 7339?
3
What is the thousands digit of 33527?
3
What is the hundreds digit of 561?
5
What is the thousands digit of 8838?
8
What is the hundreds digit of 4682?
6
What is the units digit of 106261?
1
What is the hundreds digit of 11797?
7
What is the thousands digit of 69897?
9
What is the units digit of 7641?
1
What is the hundreds digit of 903?
9
What is the hundreds digit of 6575?
5
What is the units digit of 8398?
8
What is the thousands digit of 5642?
5
What is the thousands digit of 8027?
8
What is the tens digit of 107?
0
What is the ten thousands digit of 20582?
2
What is the ten thousands digit of 13671?
1
What is the units digit of 3029?
9
What is the thousands digit of 30991?
0
What is the tens digit of 131438?
3
What is the thousands digit of 27688?
7
What is the thousands digit of 1641?
1
What is the ten thousands digit of 32864?
3
What is the tens digit of 201?
0
What is the hundreds digit of 4273?
2
What is the thousands digit of 2360?
2
What is the units digit of 814?
4
What is the thousands digit of 1271?
1
What is the units digit of 4063?
3
What is the tens digit of 17662?
6
What is the units digit of 6429?
9
What is the thousands digit of 53418?
3
What is the hundreds digit of 375?
3
What is the ten thousands digit of 23292?
2
What is the tens digit of 734?
3
What is the tens digit of 2351?
5
What is the ten thousands digit of 10574?
1
What is the hundreds digit of 659?
6
What is the tens digit of 41019?
1
What is the hundreds digit of 3932?
9
What is the hundreds digit of 144150?
1
What is the thousands digit of 1443?
1
What is the ten thousands digit of 103815?
0
What is the hundreds digit of 200?
2
What is the thousands digit of 1170?
1
What is the hundreds digit of 13022?
0
What is the hundreds digit of 130484?
4
What is the units digit of 33791?
1
What is the hundreds digit of 80562?
5
What is the units digit of 560?
0
What is the tens digit of 916?
1
What is the tens digit of 6182?
8
What is the units digit of 624?
4
What is the hundreds digit of 6208?
2
What is the hundreds digit of 1094?
0
What is the units digit of 1921?
1
What is the tens digit of 5402?
0
What is the hundreds digit of 849?
8
What is the units digit of 6025?
5
What is the hundreds digit of 9301?
3
What is the tens digit of 3155?
5
What is the units digit of 693?
3
What is the hundred thousands digit of 123117?
1
What is the units digit of 2445?
5
What is the tens digit of 177159?
5
What is the ten thousands digit of 23733?
2
What is the tens digit of 1237?
3
What is the units digit of 4176?
6
What is the units digit of 29482?
2
What is the tens digit of 26454?
5
What is the units digit of 4934?
4
What is the tens digit of 1305?
0
What is the units digit of 1923?
3
What is the thousands digit of 14866?
4
What is the thousands digit of 28127?
8
What is the units digit of 268?
8
What is the hundreds digit of 3489?
4
What is the units digit of 88509?
9
What is the thousands digit of 1017?
1
What is the thousands digit of 7523?
7
What is the thousands digit of 1750?
1
What is the tens digit of 32235?
3
What is the units digit of 4818?
8
What is the tens digit of 1547?
4
What is the tens digit of 8658?
5
What is the units digit of 6916?
6
What is the units digit of 20534?
4
What is the units digit of 1369?
9
What is the units digit of 782?
2
What is the ten thousands digit of 91741?
9
What is the tens digit of 8817?
1
What is the units digit of 170452?
2
What is the ten thousands digit of 71848?
7
What is the hundreds digit of 12868?
8
What is the thousands digit of 41248?
1
What is the hundreds digit of 63702?
7
What is the tens digit of 68878?
7
What is the hundreds digit of 20890?
8
What is the units digit of 139626?
6
What is the units digit of 10856?
6
What is the units digit of 50965?
5
What is the hundreds digit of 1768?
7
What is the tens digit of 1367?
6
What is the tens digit of 54403?
0
What is the units digit of 3297?
7
What is the hundreds digit of 39000?
0
What is the units digit of 52?
2
What is the units digit of 44627?
7
What is the tens digit of 5796?
9
What is the units digit of 47?
7
What is the tens digit of 3464?
6
What is the hundreds digit of 1376?
3
What is the hundred thousands digit of 161391?
1
What is the tens digit of 58610?
1
What is the hundreds digit of 507?
5
What is the units digit of 386?
6
What is the ten thousands digit of 76069?
7
What is the hundreds digit of 27583?
5
What is the tens digit of 89818?
1
What is the ten thousands digit of 58313?
5
What is the units digit of 3195?
5
What is the units digit of 7746?
6
What is the tens digit of 2117?
1
What is the ten thousands digit of 55894?
5
What is the thousands digit of 39959?
9
What is the thousands digit of 6331?
6
What is the units digit of 81167?
7
What is the tens digit of 1908?
0
What is the tens digit of 183?
8
What is the units digit of 25653?
3
What is the hundred thousands digit of 106112?
1
What is the ten thousands digit of 10266?
1
What is the units digit of 5106?
6
What is the tens digit of 296?
9
What is the units digit of 1550?
0
What is the units digit of 3753?
3
What is the tens digit of 964?
6
What is the tens digit of 3082?
8
What is the units digit of 17343?
3
What is the tens digit of 442?
4
What is the tens digit of 11132?
3
What is the tens digit of 333?
3
What is the units digit of 124?
4
What is the tens digit of 5126?
2
What is the hundreds digit of 46135?
1
What is the units digit of 966?
6
What is the tens digit of 4003?
0
What is the hundreds digit of 78690?
6
What is the units digit of 488?
8
What is the tens digit of 95556?
5
What is the tens digit of 9525?
2
What is the tens digit of 7068?
6
What is the thousands digit of 11371?
1
What is the thousands digit of 11473?
1
What is the thousands digit of 17563?
7
What is the hundreds digit of 19280?
2
What is the ten thousands digit of 32623?
3
What is the thousands digit of 8834?
8
What is the hundreds digit of 15645?
6
What is the thousands digit of 8126?
8
What is the thousands digit of 58136?
8
What is the tens digit of 2092?
9
What is the tens digit of 1520?
2
What is the units digit of 81142?
2
What is the hundreds digit of 671?
6
What is the units digit of 16083?
3
What is the units digit of 19225?
5
What is the units digit of 16033?
3
What is the units digit of 43438?
8
What is the units digit of 1094?
4
What is the units digit of 1461?
1
What is the tens digit of 70554?
5
What is the tens digit of 16966?
6
What is the thousands digit of 3411?
3
What is the ten thousands digit of 43234?
4
What is the thousands digit of 24280?
4
What is the thousands digit of 7496?
7
What is the tens digit of 23248?
4
What is the tens digit of 854?
5
What is the ten thousands digit of 34364?
3
What is the units digit of 4621?
1
What is the units digit of 6292?
2
What is the hundreds digit of 15792?
7
What is the hundreds digit of 1709?
7
What is the thousands 